 of 702765?
0
What is the tens digit of 153593?
9
What is the hundreds digit of 228757?
7
What is the thousands digit of 533766?
3
What is the hundred thousands digit of 3195197?
1
What is the ten thousands digit of 10602646?
0
What is the hundreds digit of 37337?
3
What is the units digit of 7277626?
6
What is the thousands digit of 2090254?
0
What is the hundreds digit of 21461663?
6
What is the ten thousands digit of 164559?
6
What is the ten thousands digit of 504971?
0
What is the ten thousands digit of 637916?
3
What is the hundreds digit of 1626844?
8
What is the hundred thousands digit of 148749?
1
What is the thousands digit of 7723605?
3
What is the ten thousands digit of 839917?
3
What is the tens digit of 501522?
2
What is the thousands digit of 2185179?
5
What is the hundreds digit of 21040?
0
What is the ten thousands digit of 12463900?
6
What is the hundred thousands digit of 3404270?
4
What is the units digit of 244849?
9
What is the ten millions digit of 36214430?
3
What is the hundreds digit of 178514?
5
What is the units digit of 2388991?
1
What is the tens digit of 5482569?
6
What is the tens digit of 38932?
3
What is the ten thousands digit of 229208?
2
What is the thousands digit of 262840?
2
What is the ten thousands digit of 192823?
9
What is the hundred thousands digit of 589760?
5
What is the thousands digit of 192033?
2
What is the units digit of 2101515?
5
What is the thousands digit of 5013996?
3
What is the hundred thousands digit of 6297886?
2
What is the tens digit of 2729413?
1
What is the ten thousands digit of 458243?
5
What is the hundred thousands digit of 105916?
1
What is the ten thousands digit of 359099?
5
What is the thousands digit of 7775841?
5
What is the ten millions digit of 25007812?
2
What is the units digit of 13262019?
9
What is the units digit of 1753982?
2
What is the thousands digit of 1082912?
2
What is the millions digit of 11400706?
1
What is the tens digit of 1282863?
6
What is the units digit of 10604116?
6
What is the thousands digit of 16596?
6
What is the tens digit of 1715195?
9
What is the tens digit of 540295?
9
What is the ten millions digit of 17876683?
1
What is the hundreds digit of 794996?
9
What is the ten thousands digit of 160206?
6
What is the hundred thousands digit of 893014?
8
What is the hundred thousands digit of 2491629?
4
What is the millions digit of 1757234?
1
What is the units digit of 302627?
7
What is the thousands digit of 3108211?
8
What is the units digit of 286552?
2
What is the millions digit of 2510229?
2
What is the units digit of 72558?
8
What is the millions digit of 1031745?
1
What is the hundreds digit of 337697?
6
What is the hundred thousands digit of 18157236?
1
What is the units digit of 69340?
0
What is the tens digit of 1074868?
6
What is the units digit of 108844?
4
What is the ten thousands digit of 15455886?
5
What is the ten thousands digit of 1434655?
3
What is the millions digit of 32017490?
2
What is the hundred thousands digit of 173793?
1
What is the hundreds digit of 4634?
6
What is the units digit of 77077?
7
What is the millions digit of 2229078?
2
What is the tens digit of 569435?
3
What is the ten thousands digit of 723106?
2
What is the ten thousands digit of 9994442?
9
What is the ten thousands digit of 5644626?
4
What is the hundreds digit of 45433?
4
What is the hundred thousands digit of 9435413?
4
What is the ten thousands digit of 1390410?
9
What is the hundreds digit of 5945240?
2
What is the units digit of 45748?
8
What is the ten thousands digit of 61535?
6
What is the tens digit of 4995990?
9
What is the thousands digit of 88431?
8
What is the ten thousands digit of 1135911?
3
What is the units digit of 16304515?
5
What is the thousands digit of 91827?
1
What is the tens digit of 3617240?
4
What is the tens digit of 927771?
7
What is the hundred thousands digit of 21552596?
5
What is the thousands digit of 969739?
9
What is the tens digit of 58954?
5
What is the tens digit of 18889045?
4
What is the tens digit of 8561438?
3
What is the ten thousands digit of 28590866?
9
What is the units digit of 1431186?
6
What is the tens digit of 1277566?
6
What is the ten thousands digit of 911363?
1
What is the millions digit of 27141611?
7
What is the ten thousands digit of 1825119?
2
What is the hundred thousands digit of 5990226?
9
What is the millions digit of 7396304?
7
What is the tens digit of 595507?
0
What is the ten thousands digit of 2509687?
0
What is the ten thousands digit of 357416?
5
What is the units digit of 7801477?
7
What is the hundreds digit of 7534952?
9
What is the units digit of 715954?
4
What is the thousands digit of 1399172?
9
What is the hundreds digit of 9297614?
6
What is the hundreds digit of 8821599?
5
What is the thousands digit of 14803?
4
What is the tens digit of 1764757?
5
What is the millions digit of 20289977?
0
What is the hundreds digit of 315571?
5
What is the tens digit of 3967023?
2
What is the hundreds digit of 244421?
4
What is the thousands digit of 2256921?
6
What is the tens digit of 14582925?
2
What is the tens digit of 1920154?
5
What is the hundreds digit of 578562?
5
What is the ten thousands digit of 2635086?
3
What is the millions digit of 1569894?
1
What is the ten thousands digit of 1893329?
9
What is the hundred thousands digit of 299979?
2
What is the tens digit of 1496858?
5
What is the ten thousands digit of 747399?
4
What is the millions digit of 2218526?
2
What is the hundreds digit of 6792124?
1
What is the units digit of 6376624?
4
What is the hundreds digit of 6534772?
7
What is the hundreds digit of 14741280?
2
What is the hundred thousands digit of 193934?
1
What is the ten thousands digit of 1938562?
3
What is the tens digit of 446012?
1
What is the hundred thousands digit of 457680?
4
What is the units digit of 4478806?
6
What is the hundred thousands digit of 11878455?
8
What is the thousands digit of 11888153?
8
What is the thousands digit of 369196?
9
What is the millions digit of 3269642?
3
What is the hundred thousands digit of 1536042?
5
What is the tens digit of 224615?
1
What is the millions digit of 2252894?
2
What is the tens digit of 617675?
7
What is the hundreds digit of 53252?
2
What is the thousands digit of 66738?
6
What is the hundreds digit of 1158527?
5
What is the units digit of 2107545?
5
What is the units digit of 5233201?
1
What is the units digit of 210270?
0
What is the ten thousands digit of 2419010?
1
What is the millions digit of 8564291?
8
What is the ten thousands digit of 334555?
3
What is the millions digit of 6791271?
6
What is the hundreds digit of 398518?
5
What is the hundred thousands digit of 175969?
1
What is the ten thousands digit of 199593?
9
What is the hundreds digit of 7787583?
5
What is the tens digit of 7336331?
3
What is the hundreds digit of 250222?
2
What is the hundred thousands digit of 107885?
1
What is the units digit of 1622488?
8
What is the thousands digit of 8312516?
2
What is the thousands digit of 23123?
3
What is the tens digit of 3007082?
8
What is the hundreds digit of 123537?
5
What is the hundreds digit of 550552?
5
What is the hundreds digit of 1581021?
0
What is the hundreds digit of 3124016?
0
What is the hundred thousands digit of 7984909?
9
What is the ten thousands digit of 97227?
9
What is the millions digit of 6857793?
6
What is the hundreds digit of 471948?
9
What is the ten thousands digit of 1631803?
3
What is the tens digit of 105624?
2
What is the tens digit of 43298?
9
What is the tens digit of 3651737?
3
What is the ten thousands digit of 49558?
4
What is the hundred thousands digit of 1608682?
6
What is the millions digit of 4784354?
4
What is the hundred thousands digit of 389529?
3
What is the ten thousands digit of 26388815?
8
What is the hundred thousands digit of 2819593?
8
What is the hundred thousands digit of 1544618?
5
What is the units digit of 824657?
7
What is the hundreds digit of 377267?
2
What is the tens digit of 211219?
1
What is the thousands digit of 306202?
6
What is the ten thousands digit of 317430?
1
What is the tens digit of 417743?
4
What is the tens digit of 1061073?
7
What is the thousands digit of 500066?
0
What is the hundred thousands digit of 20